tiple of 3127?
False
Is 23719938 a multiple of 24?
False
Is 30360424 a multiple of 218?
True
Is 7644356 a multiple of 158?
True
Is 53779391 a multiple of 241?
True
Is 1828362411 a multiple of 13?
False
Is 80373504 a multiple of 128?
True
Is 232664569 a multiple of 4?
False
Does 693 divide 23640309?
True
Does 34 divide 1107361297?
False
Does 143 divide 71605820?
True
Does 774 divide 2443264705?
False
Is 737 a factor of 2547413303?
False
Is 1036877987 a multiple of 7?
False
Is 345 a factor of 29656052?
False
Is 4264 a factor of 1649924396?
False
Is 2774 a factor of 84052200?
True
Is 4232 a factor of 27932698?
False
Does 947 divide 217048895?
False
Does 710 divide 45785770?
True
Is 695 a factor of 3570365815?
True
Does 12 divide 508609022?
False
Is 914 a factor of 256223256?
False
Is 3398 a factor of 186614762?
True
Does 35 divide 938850605?
True
Does 15 divide 19003353?
False
Is 99 a factor of 127049271?
False
Does 8 divide 1842631742?
False
Does 617 divide 380342863?
True
Is 21674408 a multiple of 44?
False
Is 1834083 a multiple of 3?
True
Is 42 a factor of 36445332?
True
Does 1020 divide 363255660?
True
Is 250071203 a multiple of 31?
True
Is 61970880 a multiple of 64?
True
Does 7 divide 51560444?
False
Is 83 a factor of 16890494?
False
Is 27 a factor of 33242157?
True
Is 52 a factor of 1570914386?
False
Does 140 divide 8322020?
True
Is 197 a factor of 504758779?
False
Is 4100372091 a multiple of 1467?
True
Is 31 a factor of 3871156?
True
Is 19 a factor of 370253170?
False
Is 118 a factor of 956181966?
True
Does 477 divide 77690501?
False
Does 332 divide 52406864?
True
Is 2 a factor of 11322618?
True
Does 7983 divide 402550758?
True
Does 790 divide 4841120?
True
Is 17 a factor of 325272643?
False
Does 154 divide 144857328?
True
Is 414375612 a multiple of 46?
False
Does 54 divide 11488230?
True
Does 832 divide 619185216?
True
Does 2296 divide 527770096?
False
Is 12297951 a multiple of 57?
False
Does 1852 divide 85593884?
True
Is 44657547 a multiple of 153?
False
Does 285 divide 113563380?
True
Is 92895220 a multiple of 583?
True
Does 10 divide 17277540?
True
Is 2905041128 a multiple of 172?
True
Is 1362 a factor of 26241428?
False
Is 820230648 a multiple of 12?
True
Is 16043275 a multiple of 635?
True
Does 2863 divide 69004026?
True
Is 66 a factor of 138787817?
False
Is 4901863 a multiple of 2?
False
Is 14641222 a multiple of 193?
False
Is 1049659301 a multiple of 696?
False
Is 23100744 a multiple of 63?
False
Is 168 a factor of 99634619?
False
Is 127 a factor of 676558757?
False
Is 111 a factor of 57210066?
True
Is 3309 a factor of 1621555430?
False
Is 214662018 a multiple of 471?
True
Does 12 divide 96022842?
False
Does 60 divide 304664882?
False
Does 426 divide 25024944?
True
Is 2056 a factor of 414440256?
True
Is 63 a factor of 70324409?
False
Does 321 divide 850079583?
True
Is 14 a factor of 350529200?
True
Does 5 divide 273797835?
True
Does 80 divide 50262560?
True
Is 50 a factor of 1625326100?
True
Is 83456100 a multiple of 819?
True
Is 20141718 a multiple of 970?
False
Is 85 a factor of 2992858670?
True
Is 46 a factor of 125275572?
True
Does 1883 divide 67738073?
False
Is 1727216150 a multiple of 155?
True
Is 979160880 a multiple of 30?
True
Is 233186720 a multiple of 40?
True
Is 214514202 a multiple of 14?
True
Is 606 a factor of 549033576?
True
Is 31251519 a multiple of 2847?
True
Does 1091 divide 1399256595?
True
Is 7 a factor of 100992789?
False
Is 2028 a factor of 9527806?
False
Is 65887149 even?
False
Is 15 a factor of 8627463?
False
Is 67878346 a multiple of 3?
False
Is 1856 a factor of 487869472?
False
Is 79611964 a multiple of 34?
False
Is 30 a factor of 7290865?
False
Is 4302452 a multiple of 22?
True
Is 13 a factor of 2407566044?
True
Is 414896981 a multiple of 7?
False
Is 31 a factor of 4107960?
False
Is 30058113 a multiple of 113?
True
Is 7377 a factor of 523604067?
False
Is 608269750 a multiple of 1186?
True
Does 10 divide 1106058960?
True
Is 16078056 a multiple of 628?
True
Is 78054211 a multiple of 56?
False
Is 13 a factor of 137216826?
False
Is 2075 a factor of 126982410?
False
Does 370 divide 46026890?
True
Does 273 divide 2709787181?
False
Is 245 a factor of 21563051?
False
Is 1927 a factor of 5660795667?
True
Does 12 divide 278827010?
False
Is 1088317375 a multiple of 8605?
True
Is 45610602 a multiple of 38?
True
Is 8 a factor of 20276480?
True
Does 47 divide 1988839122?
True
Is 238168644 a multiple of 14?
True
Is 16085824 a multiple of 296?
True
Is 1571830228 even?
True
Is 19255395 a multiple of 545?
True
Is 5034975 a multiple of 561?
True
Does 46 divide 133038210?
True
Is 185261569 a multiple of 2383?
True
Does 56 divide 1705880143?
False
Is 9 a factor of 1522863392?
False
Is 12 a factor of 846040080?
True
Is 5895239 a multiple of 57?
False
Is 58940904 a multiple of 561?
True
Does 214 divide 1532240?
True
Is 4 a factor of 469184395?
False
Is 785 a factor of 69069852?
False
Is 200 a factor of 149473200?
True
Is 107 a factor of 498541627?
False
Is 2863525574 a multiple of 6979?
True
Is 126 a factor of 240126390?
True
Is 7165620 a multiple of 198?
True
Is 25296766 a multiple of 31?
False
Is 2 a factor of 5842322?
True
Is 31 a factor of 372519988?
False
Is 10680921 a multiple of 2505?
False
Does 14 divide 2406037023?
False
Does 5 divide 9139415?
True
Is 62 a factor of 284672938?
True
Does 108 divide 46907967?
False
Is 450 a factor of 1707821550?
True
Is 4 a factor of 195669028?
True
Does 23 divide 107045818?
True
Does 451 divide 102025852?
False
Is 1462295002 a multiple of 36?
False
Does 3 divide 19191569?
False
Is 135 a factor of 333063495?
True
Is 1360779223 a multiple of 3052?
False
Does 1145 divide 6967325?
True
Is 11999075 a multiple of 55?
True
Is 546 a factor of 915669300?
True
Is 61 a factor of 3159718245?
False
Is 182 a factor of 100594589?
False
Does 2535 divide 62147263?
False
Is 440 a factor of 231331921?
False
Does 73 divide 28660003?
False
Does 87 divide 436104465?
True
Does 36 divide 1203332?
False
Does 12 divide 59379588?
True
Does 53 divide 62888597?
False
Is 91482958 a multiple of 157?
True
Is 469 a factor of 228739273?
True
Is 47229654 a multiple of 6?
True
Does 15 divide 2297102?
False
Is 32 a factor of 17099648?
True
Is 21 a factor of 82480902?
True
Is 57 a factor of 710113338?
False
Is 58 a factor of 2531556674?
False
Is 60210080 a multiple of 2290?
False
Is 46 a factor of 2328126819?
False
Is 8881761 a multiple of 21?
True
Does 253 divide 9293916?
False
Does 44 divide 290184?
False
Is 1157 a factor of 19180746?
True
Is 9104270 a multiple of 146?
False
Does 2343 divide 30870100?
False
Does 206 divide 119937320?
True
Is 1872 a factor of 106166736?
True
Is 1137311188 a multiple of 7958?
False
Is 8099249 a multiple of 30?
False
Is 156983652 a multiple of 12?
True
Does 27 divide 4104559?
False
Does 11 divide 2884816?
True
Is 1427 a factor of 465066435?
True
Is 12 a factor of 18987584?
False
Does 24 divide 6186224?
False
Does 861 divide 1012932060?
True
Is 2220984413 a multiple of 60?
False
Does 43 divide 32503878?
False
Is 1301787662 a multiple of 14?
True
Is 35 a factor of 52298435?
True
Is 611 a factor of 294665?
False
Is 3 a factor of 138898902?
True
Is 2165 a factor of 1220449470?
True
Is 3 a factor of 587460?
True
Is 40 a factor of 1169329941?
False
Is 3727 a factor of 568609755?
True
Is 504 a factor of 258704246?
False
Does 227 divide 7600641?
True
Does 52 divide 49940540?
True
Is 456 a factor of 77187166?
False
Is 1420 a factor of 59335815?
False
Is 632 a factor of 29806091?
False
Is 3580719107 a multiple of 7567?
False
Is 354458352 a multiple of 126?
False
Is 5598752 a multiple of 92?
True
Is 190768765 a multiple of 42?
False
Does 198 divide 431453438?
False
Is 199603698 a multiple of 21?
True
Does 102 divide 64396961?
False
Is 271856618 a multiple of 392?
False
Is 16 a factor of 21645968?
True
Is 124 a factor of 41001984?
False
Does 40 divide 22130733?
False
Does 1493 divide 125958129?
False
Is 458 a factor of 19969258?
True
Is 5660 a factor of 2935836340?
True
Is 4358 a factor of 500137154?
True
Does 1400 divide 3953140800?
True
Does 27 divide 2231873416?
False
Is 1498502504 a multiple of 9682?
True
Is 657400540 a multiple of 19?
False
Is 28 a factor of 202986881?
False
Does 787 divide 1